n factor of 4522 and 68822902?
646
What is the highest common divisor of 11146696 and 170?
34
Calculate the highest common factor of 452 and 68182844.
452
Calculate the greatest common divisor of 111336 and 116496.
24
What is the greatest common divisor of 715543 and 189662?
8621
Calculate the highest common divisor of 417557 and 2485.
7
Calculate the highest common divisor of 140 and 72832550.
70
What is the greatest common factor of 221767 and 25844?
91
What is the highest common divisor of 13372232 and 708?
236
What is the highest common divisor of 142690813 and 50611?
4601
Calculate the highest common divisor of 61 and 1713286.
1
Calculate the greatest common factor of 11776136 and 8.
8
What is the greatest common divisor of 6946336 and 2352?
16
Calculate the greatest common factor of 200 and 36708775.
25
What is the highest common divisor of 8 and 302974664?
8
What is the greatest common factor of 4471 and 125272949?
4471
Calculate the greatest common factor of 2784 and 51156696.
696
What is the greatest common divisor of 8476786 and 6?
2
What is the greatest common divisor of 33 and 32748364?
11
What is the highest common divisor of 817 and 4816473?
43
Calculate the highest common divisor of 1217751 and 3.
3
Calculate the highest common factor of 805 and 6826860.
115
What is the greatest common divisor of 29348634 and 1162?
1162
Calculate the highest common divisor of 35 and 171259235.
35
Calculate the highest common divisor of 193573968 and 74256.
5712
What is the greatest common divisor of 95775 and 5615?
5
What is the greatest common divisor of 150830208 and 513?
513
What is the greatest common divisor of 8355136 and 256?
64
What is the greatest common divisor of 31380 and 80130?
30
What is the greatest common divisor of 1624 and 3403208?
232
What is the highest common factor of 477486 and 87084?
738
What is the greatest common factor of 33617025 and 1950?
975
What is the highest common factor of 176479044 and 3?
3
Calculate the greatest common factor of 1855 and 2503480.
35
Calculate the greatest common factor of 1086 and 13824066.
6
Calculate the highest common factor of 1662723 and 357066.
2151
Calculate the greatest common factor of 104406 and 13824.
6
What is the greatest common factor of 186060 and 6720?
420
Calculate the greatest common divisor of 30251 and 5880508.
179
Calculate the greatest common divisor of 365998273 and 19172.
4793
Calculate the highest common divisor of 271600 and 6134800.
2800
Calculate the highest common divisor of 129762 and 59778.
1458
What is the highest common divisor of 182784 and 872304?
816
What is the highest common factor of 8562276 and 133578?
738
Calculate the greatest common factor of 22036 and 353227.
7
Calculate the highest common divisor of 3870 and 248841.
387
What is the highest common factor of 14373 and 21147474?
4791
Calculate the greatest common divisor of 215680 and 62336.
128
Calculate the greatest common divisor of 19816976 and 464.
464
What is the highest common divisor of 1337 and 12411371?
1337
What is the highest common factor of 11356 and 10339536?
68
Calculate the highest common factor of 73202888 and 99.
11
What is the greatest common factor of 13031591 and 37133?
523
Calculate the highest common divisor of 1134336 and 175.
7
What is the greatest common divisor of 51319 and 240389?
2701
Calculate the highest common divisor of 51 and 1427952.
3
What is the greatest common factor of 114 and 255976626?
114
What is the highest common factor of 38 and 41727211?
19
What is the highest common factor of 1677612 and 24?
12
What is the highest common factor of 85114104 and 908?
908
What is the greatest common factor of 293 and 28421?
293
Calculate the greatest common factor of 10 and 445994815.
5
Calculate the highest common factor of 1772 and 1984.
4
Calculate the greatest common factor of 11033 and 174664426.
1003
Calculate the highest common factor of 247 and 839710339.
247
What is the highest common divisor of 155090424 and 48?
24
What is the highest common divisor of 2544 and 793704?
24
What is the highest common factor of 17310 and 36880?
10
Calculate the greatest common factor of 32576 and 200768.
64
Calculate the highest common divisor of 49082329 and 16841.
1531
What is the greatest common divisor of 463815 and 729?
9
Calculate the highest common divisor of 52664 and 616888.
232
What is the greatest common divisor of 46282 and 2698445?
73
Calculate the greatest common factor of 761652916 and 4.
4
Calculate the highest common factor of 344 and 16733880.
344
What is the highest common factor of 105925096 and 408?
136
What is the highest common factor of 176688 and 1568?
16
Calculate the highest common divisor of 6201 and 7367.
53
Calculate the highest common factor of 266303 and 271963.
283
Calculate the highest common factor of 155 and 135102061.
31
What is the highest common divisor of 81814768 and 8?
8
What is the greatest common divisor of 19751461 and 571?
571
What is the highest common divisor of 1224 and 9634284?
36
What is the greatest common divisor of 30827876 and 1084?
1084
What is the greatest common factor of 46 and 94138885?
23
Calculate the greatest common divisor of 389975 and 1890975.
475
Calculate the greatest common divisor of 85754171 and 4556.
1139
What is the greatest common divisor of 118336 and 14921430?
3698
What is the greatest common divisor of 76735191 and 11388?
2847
Calculate the highest common factor of 21170 and 310097.
29
Calculate the highest common factor of 3483337 and 44.
11
Calculate the greatest common divisor of 1768 and 169779272.
1768
Calculate the greatest common divisor of 557 and 875752162.
557
Calculate the greatest common divisor of 25345024 and 512.
512
Calculate the highest common factor of 350 and 139128325.
175
Calculate the greatest common factor of 5110375 and 110.
5
What is the highest common divisor of 18569 and 3176497?
599
Calculate the greatest common factor of 481521 and 291.
3
Calculate the greatest common factor of 26 and 13315107.
13
What is the greatest common factor of 384183 and 20739?
93
What is the highest common factor of 69 and 26301489?
69
What is the highest common divisor of 45 and 620731845?
45
What is the greatest common factor of 1748 and 34868268?
76
What is the highest common divisor of 175 and 55405?
35
What is the highest common factor of 299 and 28140293?
23
What is the highest common divisor of 270954608 and 33379?
1151
What is the highest common divisor of 1313766 and 54?
54
Calculate the highest common factor of 176 and 22866316.
44
What is the greatest common factor of 2106 and 753300?
162
What is the highest common divisor of 519 and 62100945?
519
What is the greatest common factor of 21942 and 819873801?
10971
Calculate the greatest common factor of 2520 and 2199240.
360
Calculate the highest common divisor of 45 and 2140452045.
45
Calculate the highest common factor of 39497500 and 137860.
1220
Calculate the highest common divisor of 1034169 and 181743.
87
Calculate the greatest common divisor of 31600398 and 18.
6
What is the greatest common divisor of 58354 and 62266?
326
Calculate the greatest common divisor of 263858958 and 99.
99
What is the greatest common factor of 579181272 and 1392?
696
What is the highest common divisor of 1093897716 and 76?
76
What is the greatest common factor of 8788896 and 117?
9
What is the greatest common factor of 1400 and 3685?
5
What is the greatest common factor of 6352 and 71914168?
3176
What is the greatest common factor of 4197085 and 1379?
197
What is the highest common factor of 102907 and 1358287?
427
What is the greatest common factor of 2160 and 182045340?
540
Calculate the greatest common divisor of 26256 and 2749632.
48
Calculate the highest common divisor of 3610 and 884640.
190
What is the highest common divisor of 352 and 1944968?
8
Calculate the greatest common factor of 6012090 and 3591.
189
What is the highest common divisor of 118659864 and 36?
12
Calculate the greatest common factor of 18 and 28711818.
18
Calculate the highest common factor of 151594021 and 1592.
199
Calculate the greatest common factor of 1802 and 102843850.
106
What is the greatest common divisor of 114678260 and 35665?
5095
What is the highest common factor of 12